Suppose 10285 + 8547 = 13*t + 1867. Calculate the highest common divisor of t and 81.
9
Let y(l) = l**2 + 12*l - 41. Suppose 3*h = -43 - 17. Let b be y(h). What is the greatest common factor of b and 7?
7
Let n = -4070 - -4268. Calculate the highest common divisor of 7821 and n.
99
Let k be (-181)/2 + 4/(-8) + 3. Let p be 622/16 - 11/k. Calculate the highest common factor of 52 and p.
13
Let d(y) = -y + 31*y - 13 - 25*y + 61*y + 3*y**2 + 2. Let m be d(-32). Calculate the greatest common divisor of m and 73.
73
Let i be ((-1944)/1620)/((-3)/1940). What is the highest common divisor of i and 32?
8
Let u be ((-5)/(-6) - (-1206051)/(-126))*-3. What is the highest common factor of u and 51?
51
Suppose u + 2*u = 606. Let l = u + -139. Calculate the greatest common divisor of l and 567.
63
Let n be ((-5)/(-2) + -1)/((-158)/(-13904)). Calculate the greatest common divisor of 308 and n.
44
Suppose 505 = 5*f - 5*w, -2*f = -5*w - 98 - 95. Calculate the highest common divisor of 200 and f.
8
Let t(k) = k**3 - k + 5. Let g be t(-2). Let r be 1*(-2)/2*-1. Let d be 10 + g - r*-4. Calculate the greatest common divisor of d and 13.
13
Suppose 5 = x - 7. Suppose -7*g + 3*g - 404 = -3*z, 0 = 3*g - z + 308. Let s be g/(-6) + 120/180. What is the highest common divisor of s and x?
6
Let n(i) = 27*i - 9. Let x be n(10). Let p be (-3156)/2630*(-40)/6*174/4. Calculate the highest common divisor of p and x.
87
Let x be 8 + (-5 - (9 - 12)) - -215. Let v = -26 - -39. What is the greatest common factor of x and v?
13
Suppose 0 = 4*d + i - 5*i - 2856, -3*d - 3*i + 2136 = 0. What is the greatest common factor of d and 279?
31
Let j = -9366 + 9514. Calculate the greatest common divisor of 8 and j.
4
Suppose 0 = -12*t + 10*t - 4. Let k be 3/((-30)/596) - t/(-5). Let u be 425/35 + k/28 + 2. Calculate the highest common divisor of 16 and u.
4
Let j(o) be the third derivative of o**5/20 - 7*o**4/12 - 2*o**3 - 37*o**2. Let u be j(10). Calculate the greatest common factor of u and 37.
37
Let u = -49 - -40. Let c(s) = -2*s - 12. Let d be c(u). Suppose -d*y = y - 35. What is the highest common divisor of 55 and y?
5
Let m be ((0 - -2) + 0)*(103 + 9). Suppose 18*c = 4*c + m. Calculate the greatest common factor of c and 8.
8
Suppose -f + 140 = 2*v - 287, 4*v - 861 = 5*f. Let g = v - 71. Calculate the highest common factor of g and 39.
13
Suppose -2*j + 812 - 126 = -4*i, 0 = 5*i - 3*j + 855. Let d = -100 - i. Let u = 546834 - 546797. What is the greatest common divisor of u and d?
37
Suppose 2*l + 3*l - 20 = 0. Let t be 6/(-4) - 65/26. Let o be 135/(-15)*t*1. What is the highest common divisor of o and l?
4
Suppose -56*z - 78*z + 15824 = -48*z. What is the greatest common factor of z and 1426?
46
Let w be 20 + 36/63*8498. What is the greatest common factor of w and 1272?
212
Suppose -96 = -3*z + 138. Suppose 466*x = -b + 460*x + 36, -3*x = b - 27. Calculate the highest common factor of b and z.
6
Let z(g) = -23*g + 186. Let y(u) = -5*u + 37. Let d(x) = -11*y(x) + 2*z(x). Let s be d(5). Calculate the highest common factor of s and 200.
10
Suppose 7550 = -290*m + 25820. Let w = 24 + -17. Calculate the highest common divisor of w and m.
7
Suppose -50 + 190 = 5*r. Suppose -2*s = -4*i + 14, -5*s + 5*i - 9 = 1. Let q be (6/(-4))/(s/(-84)). Calculate the highest common divisor of q and r.
14
Suppose -4*j + 2*y = -6 - 4, -10 = -3*j + y. Suppose j*c - 24*c + 779 = 0. What is the highest common divisor of c and 82?
41
Suppose -1440 = -312*w + 316*w. Let f = w + 385. What is the greatest common divisor of 15 and f?
5
Let o(l) = l**2 + 85*l + 427. Let m be o(-5). Suppose -4*t = -0*t - 540. Calculate the highest common divisor of t and m.
27
Let j be 2/9 - 106/(-9). Let s be -710*(-81)/1485*22. What is the highest common factor of j and s?
12
Let d = -2076 + 2090. What is the highest common factor of d and 14714?
14
Let m(i) = i**3 - 84*i**2 - 112*i - 819. Let t be m(86). What is the highest common divisor of 3 and t?
3
Suppose -167*v + 145783 = -8525. What is the highest common factor of 378 and v?
42
Let h = -145 + 80. Let c be (-242)/(-6) - h/39. What is the greatest common divisor of 70 and c?
14
Suppose 406*b + 3*j = 401*b + 991, 2*j + 6 = 0. What is the greatest common factor of 2580 and b?
20
Let g(u) = -9*u**2 - 466*u + 227. Let h be g(-39). Calculate the greatest common divisor of 1672 and h.
152
Let l(m) = m**3 - 46*m**2 + 134*m + 115. Let c be l(43). Suppose -2*k = -6*k - 16. Let i be (15/k)/((-2)/16). What is the greatest common divisor of c and i?
30
Let k be 243 + -173 + 2/(-1). Calculate the highest common factor of k and 918.
34
Let y be (-24)/(-12 - (-1616)/136). What is the highest common factor of y and 156?
12
Let v(b) = 4*b**2 - 7*b - 4. Suppose 0*g + 5*g = -50. Let c = g - -18. Let a be v(c). What is the greatest common divisor of a and 28?
28
Let f be (-1 + 2 + -2)*-41. Let o(v) = 3*v**2 - 4*v - 108. Let a be o(-13). Calculate the greatest common divisor of f and a.
41
Let d be -305*21/(-35)*49. Calculate the highest common factor of 147 and d.
147
Let r = -3317 + 3853. What is the greatest common factor of 8 and r?
8
Let s(v) = -85*v**2 - v - 1. Let x be s(-1). Suppose -3*t + 0*t - 264 = 0. Let r = x - t. Calculate the greatest common factor of r and 15.
3
Let q = -2191 - -2305. Calculate the greatest common factor of 234 and q.
6
Let v(u) = u**2 - 5*u - 5. Suppose 2*h - 47 = -55. Let r be ((-35)/(-10) + h)*-12. Let c be v(r). What is the highest common divisor of 3 and c?
1
Suppose 3187*n - 4256 = 3179*n. Calculate the highest common divisor of 336 and n.
28
Let f = 1 + 11. Let h = 12 + 23. Let b be (19 - h)*(1 + 31/(-4)). Calculate the highest common divisor of f and b.
12
Suppose 4*t = -4*r + 256, 3*r + 0*r - 199 = 4*t. Suppose -222 = -l + 3*v, -3*l - 4*v - 65 + 783 = 0. Calculate the highest common divisor of r and l.
13
Let r(u) = 24*u**2 - 5*u - 5. Let p be r(-2). Suppose -105 = 2*h - p. Let g be 2728/20 + h/5. Calculate the greatest common factor of 17 and g.
17
Let x be ((-84)/(-56))/(2/4). Let f be -6*(9/(-2) + 2). Suppose o + 4*o = f. What is the highest common divisor of o and x?
3
Let g(x) = -1 - 61*x**2 - 17 - 40*x + 2 - 8 + 3*x**3. Let y be g(21). What is the highest common factor of y and 342?
18
Let d = -2163 + 3775. Calculate the greatest common divisor of 93 and d.
31
Suppose -4*r + 30 = 2*t, 0 = -0*t - 3*t - 9. Suppose -63 - 54 = -r*m. Suppose m*u = 334 + 251. What is the greatest common factor of u and 18?
9
Suppose p + 49 = 3*j, 7*p + 16 = 4*j - 55. What is the greatest common factor of j and 5584?
16
Let q = -3295 + 3367. Calculate the highest common factor of q and 225.
9
Suppose 3*k - 42 = 30. Suppose -26*f + 3833 = -67. Suppose -f = -103*q + 78*q. What is the highest common divisor of k and q?
6
Let d be (-36)/20*(-150)/9. Suppose 2*r + q = 27, -4*r + d = -2*q - 12. Calculate the greatest common divisor of 114 and r.
6
Suppose 0 = 3*j + j - 36. Let o be ((-6)/18)/(2/(-6)) + -5. Let d be o/12*-129 - 7. What is the greatest common divisor of j and d?
9
Let g be 3 + 3 + (-930)/(-3). Let n be 1/(-9) - g/(-9). Calculate the highest common factor of 70 and n.
35
Suppose 106 = 5*o - 4*d, -3*o + 5*d + 105 = 2*o. Let x = 148 - o. What is the highest common factor of 18 and x?
18
Suppose 9586 = 2*l + 4*g, 9*l = 3*g + 40628 + 2320. Calculate the highest common factor of 50 and l.
25
Let w be ((-9)/6)/(-3)*6. Let s(f) = f**3 - 2*f**2 + 2*f + 3. Let c be s(w). Let b = 1253 - 1055. Calculate the highest common factor of b and c.
18
Suppose -12829 + 12373 = -3*h. What is the highest common divisor of 9728 and h?
152
Suppose 236*j - 20384 = 15*j + 13*j. Suppose -3*y - 100 = 2*y + p, 2*y + 40 = 2*p. Let q = y + 34. Calculate the greatest common divisor of q and j.
14
Let u(a) be the first derivative of 43*a**2 - 44*a + 158. Let f be u(2). What is the greatest common divisor of 40 and f?
8
Let j be (3948/7)/6 + 1. Let k = -47 + 65. Let z be (205/2)/5 - 27/k. Calculate the highest common factor of z and j.
19
Let x = 12 - 12. Suppose x*q - 20 = -q. Let m be q/5 - 2*-7. What is the highest common factor of m and 18?
18
Suppose 3*u = -2*s + 30, 18 - 62 = -4*s - 2*u. Suppose -5 + 3 = -2*v. Let d be (-51)/s*3*(v + -2). Calculate the greatest common factor of 187 and